ppose d - 1 = -3*d - 3*k, 2*k = m*d - 7. Calculate the greatest common divisor of d and 2.
1
Suppose -4*t + t - 2*y = -20, 0 = 3*t - 4*y - 50. Let p(d) = d**3 + 5*d**2 + 2*d - 2. Let k be p(-3). What is the highest common divisor of t and k?
10
Let f be (-1)/(((-15)/(-6))/(-5)). Suppose -c = -f*c + 91. What is the highest common divisor of c and 13?
13
Let c be (-20)/(-6)*(-1 + 4). Calculate the greatest common factor of 40 and c.
10
Let m = -418 + 754. What is the highest common factor of 21 and m?
21
Suppose 8*d - 260 = -60. Suppose -5 + d = 5*z, -5*v + 104 = -4*z. Suppose 0*t - 5*t + 840 = 0. What is the highest common factor of t and v?
24
Suppose -2*r + 371 = -h - 0*h, 5*r - 920 = 5*h. What is the highest common factor of r and 17?
17
Suppose w + w = a - 2, -17 = -4*a - w. Suppose 5*x - 3*f - 13 = -2*f, a*f = -12. Calculate the highest common factor of 18 and x.
2
Suppose -16 = g + 2*g - s, 2*s = 2*g + 4. Let w = -5 - g. Let t = -7 - -11. What is the greatest common factor of w and t?
2
Let k(d) = 6*d**2 + 2*d + 2. Let u be k(-3). Let n = u - 10. Calculate the greatest common factor of 10 and n.
10
Let r be 1/(-2) - 2/(-4). Let j = r + 8. Let y = 100 + -12. What is the greatest common divisor of j and y?
8
Let c = 5 + -5. Suppose 4*y + 41 - 9 = c. Let l = 15 + y. Calculate the greatest common factor of 1 and l.
1
Let y be ((-2)/(-1))/(2/4). What is the highest common divisor of y and 8?
4
Suppose -4*z + 3*q + 23 + 32 = 0, -5*z - 5*q = -25. Suppose 119*t - 111*t - 120 = 0. What is the highest common divisor of z and t?
5
Let z = -109 + 122. Calculate the greatest common divisor of z and 13.
13
Suppose 0 = -3*g - 5*v - 3, -2*g = g + 3*v + 9. Let f = 6 + g. Suppose -r + 10 + f = 0. Calculate the greatest common factor of 10 and r.
10
Let b(h) = -4*h + 2. Let z be b(-4). Let w be ((-40)/6)/((-2)/z). Calculate the greatest common divisor of 40 and w.
20
Let u = 151 - 82. What is the greatest common factor of u and 46?
23
Let j(v) be the second derivative of -v**3/3 + v**2 - 4*v. Let p be j(-3). Calculate the highest common divisor of 4 and p.
4
Suppose -5*m - 156 = -2*w - 2*w, -w - 3*m + 56 = 0. What is the highest common divisor of w and 4?
4
Suppose 3*g - 2 = -2*x, -2*g + x = -2*x - 10. Let s = -23 + 28. Suppose n - s = -4*n. Calculate the highest common factor of n and g.
1
Let z = 335 + -119. What is the greatest common factor of z and 27?
27
Let t(f) = -2*f + 3*f + f**2 + f + 0*f. Let u be t(-2). Suppose m - 2*q - q - 8 = 0, 4*m - 5*q - 18 = u. Calculate the greatest common factor of m and 14.
2
Suppose 4 = -2*d, -d - 203 - 9 = -5*t. Calculate the greatest common factor of t and 28.
14
Let h = 34 - -20. Suppose 6*b + 2*n = 2*b + h, -b = n - 15. Let q(w) = -w**3 + w**2 - w + 18. Let u be q(0). What is the highest common factor of b and u?
6
Let h(c) = c**2 - 2*c + 1. Suppose 0*s + 12 = 3*s. Let y be h(s). What is the greatest common factor of y and 9?
9
Let z be -2 - 3/((-3)/2). Suppose 4*l - 20 - 20 = z. Let h be 248/5 - (-40)/100. What is the greatest common factor of h and l?
10
Let k(g) = g**3 + 5*g**2 + 4*g. Let j be k(-3). Let q be (-2)/j + (-114)/(-18). Calculate the greatest common divisor of 54 and q.
6
Let z = -9 + 11. Suppose 5 - 29 = -z*a. What is the greatest common divisor of a and 60?
12
Suppose 2*i - 5*l = -2*i - 34, 0 = -2*i - l - 10. Let n = 18 - i. Calculate the greatest common factor of 8 and n.
8
Suppose 2*f = -2*f - 24. Let r(l) = -l - 4. Let s be r(f). Let m be 1 - -1 - -5*s. Calculate the highest common factor of m and 6.
6
Let c(x) = -3*x**2 + x - 1. Let r be c(1). Let f be (21/9 + r)*-72. What is the greatest common divisor of 12 and f?
12
Let b = -22 - -32. Suppose -3*t = 3*f - 2*t - 245, 5*t + 251 = 3*f. Let l = f - 52. Calculate the highest common factor of l and b.
10
Let m = 1028 + -231. Suppose -r = 5*o + m, 3*o + 4*r + 0*r = -485. Let f = o - -236. What is the highest common divisor of 7 and f?
7
Let u(p) = -p**3 + p**2 - p - 3. Let f be u(-4). Suppose -r = h - 58, 2*h + 3*r = f + 30. Calculate the highest common factor of h and 7.
7
Let d = 62 + -33. Suppose 20 = -4*m, m - 34 = -a + 106. Calculate the highest common divisor of d and a.
29
Let q(v) = 4*v + 2. Let x be ((-8)/(-2))/(6/9). Let y be q(x). Calculate the highest common factor of y and 39.
13
Let b be (-9)/(-12)*(-8)/2. Let q be 2 + b*1*1. Let t be ((-2)/(-2 + 4))/q. Calculate the highest common factor of 2 and t.
1
Suppose 3 = -h + 9. Calculate the highest common factor of h and 30.
6
Let s = -3 - -2. Let n be 3/s*(-5)/3. Suppose -2*y - 390 = -n*y + 3*u, -398 = -3*y + 5*u. What is the greatest common factor of y and 14?
14
Let m(i) = i**2 + 18*i + 31. Let n be m(-17). Calculate the highest common divisor of n and 154.
14
Suppose -4*t = -8 - 8. What is the greatest common divisor of 1 and t?
1
Suppose -3*m + 14 = -3*f + 146, 4*f - 176 = -m. Let k(j) = -12*j**3 - 3*j**2 - j + 1. Let n be k(-1). What is the greatest common factor of n and f?
11
Suppose x = 16 - 7. Suppose -4*f - 25 = -x*f. Let v be (18 + 2)/(3/3). What is the highest common factor of v and f?
5
Let o be 2*2/4 - 53. Let w = 15 - 34. Let q = w - o. What is the highest common factor of q and 22?
11
Let b be (4*-1)/(9/(-567)). What is the greatest common factor of 36 and b?
36
Suppose 5*s + 5*d = s + 15, -2*s + 2*d - 6 = 0. Suppose s = -2*n + 13 + 31. Calculate the highest common factor of n and 55.
11
Let n(x) = -x**3 - 13*x**2 - 14*x - 15. Let s be n(-12). What is the highest common factor of 3 and s?
3
Let p = 11 - -2. Let f be (-18)/(-15)*-1*-120. Let r be (0 - (1 + 0)) + f. What is the highest common divisor of r and p?
13
Let a be 6/(-9) - 41/(-3). Suppose -b + a + 9 = t, 22 = t - 5*b. Calculate the highest common divisor of 176 and t.
22
Let g = 136 + 17. Let p be 0/(-1) - (-17 + 0). What is the greatest common divisor of p and g?
17
Suppose 443 = 5*s + 23. Let n(v) = v**3 - 6*v**2 + 6*v - 2. Let z be n(5). Let j be 11 - (-2 + 3/z). What is the greatest common divisor of s and j?
12
Let g be 35 + (-3)/3*2. What is the highest common factor of g and 3?
3
Suppose -4*i - 18 = -l, 3*l - 124 = -0*l - 2*i. Calculate the highest common factor of l and 418.
38
Suppose -v - 4*o + 228 = 3*v, 0 = 2*v - o - 108. Calculate the greatest common divisor of 5 and v.
5
Suppose 2*z - 9 = -z. Let p be (-1)/z*(1 - 1). Let t(l) = -l**2 + 6. Let b be t(p). Calculate the highest common factor of 66 and b.
6
Let y(n) = 18*n**2 - 2*n - 2. Let s(k) = -k**2 + 3*k + 1. Let p be s(2). Let u be y(p). What is the greatest common factor of u and 14?
14
Let w be 15/1*3/(-9). Let h(n) = -n**2 - 4*n + 7. Let z be h(w). What is the highest common factor of z and 4?
2
Let f = 9 - 15. Let j = 62 + f. What is the greatest common divisor of 14 and j?
14
Suppose 0 = -4*b + 87 - 23. Let w = -108 - -165. Let l = w - 33. What is the greatest common divisor of l and b?
8
Let d = -6 + 8. Suppose 0 = d*b - 4*b + 18. Calculate the highest common divisor of 27 and b.
9
Let a be (-246)/(-10) - 18/30. Suppose -k + a = k. Calculate the greatest common factor of 120 and k.
12
Let q = 11 + -7. Suppose -4*m + 8*m + u - 32 = 0, -q*u = -4*m + 32. Calculate the greatest common divisor of m and 72.
8
Let v = -33 - -56. What is the greatest common factor of 115 and v?
23
Suppose 5*b = -5*p + 40, 5*p + 0*p = -3*b + 32. Let l = b + 0. Let t(c) = 2*c**2 + c - 1. Let n be t(3). Calculate the highest common divisor of n and l.
4
Suppose -7 = -2*k + x + 2, -4*x = -5*k + 30. Suppose -2*n - 40 = -5*g, k*n - 54 + 14 = -5*g. Calculate the greatest common divisor of g and 40.
8
Suppose 7*m - 2*m = 0. Let c be (-45)/(m - (-2)/(-6)). Suppose 0*d + c = 3*d. What is the highest common divisor of d and 9?
9
Let o(k) be the third derivative of k**5/60 - k**4/4 - 7*k**3/6 + 4*k**2. Let b be o(7). Suppose b*d = -5*d + 250. What is the highest common factor of 5 and d?
5
Suppose -4*r - 12 = -36. Calculate the greatest common factor of 2 and r.
2
Let n be 8/(-6)*(-6)/(-4). Let d(a) = 6*a**2 - 3*a - 5. Let r be d(n). What is the highest common divisor of 125 and r?
25
Let t = -2 + 8. Let q be 1 + (1 - 6) - -1. Let o be 51 - q/(-3)*3. Calculate the highest common factor of t and o.
6
Let o = 6 - 1. Let s(p) = -6*p**2 + 3*p + 3. Let b be s(-2). Let y = -17 -